st the prime factors of x.
2, 7, 37
Let b(z) = 119*z - 61. What are the prime factors of b(4)?
5, 83
Let q = 10 + -28. Let p be 78*1 - q/6. Let g = -44 + p. List the prime factors of g.
37
Let g(q) = 13*q - 8. Let u(v) be the second derivative of -v**4/12 + 4*v**3/3 - 4*v**2 - 7*v. Let d be u(6). What are the prime factors of g(d)?
2, 11
Suppose w = 2*o - 2162, 453 + 637 = o - 5*w. List the prime factors of o.
2, 3, 5
Let k = -572 + 1310. List the prime factors of k.
2, 3, 41
Suppose -u + 1845 = -91*p + 94*p, u - 4*p - 1873 = 0. What are the prime factors of u?
3, 619
Suppose -4*u + 3410 = -1126. What are the prime factors of u?
2, 3, 7
Let i(v) be the third derivative of v**6/120 + 7*v**5/60 + v**4/24 + 2*v**3/3 - 8*v**2. Let a be i(-7). Let h = 15 - a. List the prime factors of h.
2, 3
Let m be (8/6)/((-1)/(-3)). Suppose -m*y + 245 = -263. List the prime factors of y.
127
Let o = -22 + 25. Suppose o*y - 114 = 4*m, 2*m = -2*y - 2*m + 96. List the prime factors of y.
2, 3, 7
Let d(t) = -119*t - 1. Let l be d(1). List the prime factors of (-48)/l + -1*448/(-5).
2, 3, 5
Let l = -255 + 516. What are the prime factors of l?
3, 29
Suppose 2*o = -3*k - 6 + 22, -3*k = o - 5. Suppose -12*h + o*h + 114 = 0. List the prime factors of h.
2, 3, 19
Let m(f) = f - 1. Suppose 11 = j + 5. Let v be m(j). Suppose 0*p - 20 = -v*p. List the prime factors of p.
2
Suppose -14*d + 4791 = -6283. List the prime factors of d.
7, 113
Let g(w) = -w**2 + 11*w - 6. Suppose 85 = 7*v + 15. Let s be g(v). Suppose o - 51 = -q - q, 0 = s*o + 3*q - 204. List the prime factors of o.
3, 17
Suppose 0 = -r + 2*b + 8 - 96, -103 = r - 5*b. Let s = r - -144. What are the prime factors of s?
2, 3, 11
Let o be -7*5*4/(-4). Let t = 65 + o. What are the prime factors of t?
2, 5
Suppose 16*d - 9796 = 14364. What are the prime factors of d?
2, 5, 151
Let f(h) = 4*h + 14. Let j(c) = c**2 + 9*c + 12. Let v be j(-8). What are the prime factors of f(v)?
2, 3, 5
Suppose 4*t - 3*p = -66 - 9, 3*p + 114 = -5*t. What are the prime factors of (t/(-14))/(6/32)?
2
List the prime factors of -6*(-42)/(-24)*-96.
2, 3, 7
Let f = 3254 + -599. List the prime factors of f.
3, 5, 59
Let k be (-12)/24*(-72)/(-2). Let q = 22 + k. Suppose 0 = -q*l + o + 13, -3*l + 8*l + 4*o = 32. List the prime factors of l.
2
Let s = 6217 + -3099. List the prime factors of s.
2, 1559
List the prime factors of ((-24)/20)/(-3) - (-315)/25.
13
Let l(g) = -27*g - 132. What are the prime factors of l(-11)?
3, 5, 11
List the prime factors of (3 - (-4 - -1))*(-1985)/(-10).
3, 397
Suppose -10*x + 12333 = -22867. List the prime factors of x.
2, 5, 11
Let k(m) = -2*m - 2 - 5*m**2 - 2*m**3 + 3*m**3 - 6. Let z = 175 + -169. What are the prime factors of k(z)?
2
Let n(c) = -2*c + 5. Let b(v) be the first derivative of -v**3/3 + 3*v**2/2 - 5. Let p be b(4). What are the prime factors of n(p)?
13
Let u(t) = -5 - 6 + 5 + 16*t + 2. List the prime factors of u(5).
2, 19
Let y be 492/(-9)*(1 - 20/5). Suppose -m + 0*m - 3*w + y = 0, 4*m = -w + 612. List the prime factors of m.
2, 19
Suppose 4*p - 9424 = -4*m, -3*p + 8*m + 7054 = 4*m. List the prime factors of p.
2, 11, 107
List the prime factors of -13 + 18 + 1002/2.
2, 11, 23
Let k be 6*4/6 + -1. Let b(c) = 8*c - 5*c + 3*c - k. What are the prime factors of b(3)?
3, 5
Suppose -175*d + 176*d = 475. What are the prime factors of d?
5, 19
Suppose 0 = p - 10*p - 513. Let s = p + 71. List the prime factors of s.
2, 7
Suppose 575 + 1060 = 5*t. What are the prime factors of t?
3, 109
What are the prime factors of 13/(91/14637)*2/6?
17, 41
Suppose 2*m - 78 = -5*u, 3*m = -u - 4 + 30. Let q = 405 - 165. List the prime factors of 3/(-21) + q/u.
17
Suppose -14*f + 35*f = 30093. List the prime factors of f.
1433
Let k(s) = -s - 1. Let d be k(1). List the prime factors of 27*(7/3 + d).
3
Let p = -79 + 83. Suppose -3*m - 74 = -4*k, -p*k - k - 5*m + 110 = 0. List the prime factors of k.
2, 5
Let s be -2 + 4 + 16/8. List the prime factors of ((-22)/6)/(s/(-12)).
11
Let p(r) = -r**3 - 9*r**2 + 36*r - 48. What are the prime factors of p(-16)?
2, 73
Let t(x) = -3*x - 15. Let y be t(-6). Suppose -176 = -y*a + 223. Suppose 7*p + a = 357. List the prime factors of p.
2
Suppose 9*n - 650 = 7*n. Let j = n + -104. List the prime factors of j.
13, 17
Suppose -78 - 2 = 4*b. Let s = b + 68. List the prime factors of (-3 - -3) + 0 + s.
2, 3
Suppose -l - 10 = -2*s, -s = 2*l + 2*l + 40. Let g(c) = -c**3 - 11*c**2 - 12*c - 10. List the prime factors of g(l).
2, 5
Suppose 67 + 18 = 4*i - 5*k, -95 = -5*i + 4*k. Suppose 0 = -3*c + g + i, -4*g = 3*c - g - 3. List the prime factors of c.
2
Suppose -2*o = 3*n + 180, -3*n - 2*o + 5*o - 165 = 0. Let p = n + 105. List the prime factors of p.
47
Let y be (6/(-8))/(4/(-16)). Suppose -2*i = -5*a - 215, -y*i + 5*a - 475 = -7*i. List the prime factors of i.
5, 23
Suppose 10*i = -15 + 55. List the prime factors of 69/(-3 + i) - 1/1.
2, 17
Let m be (3/(-1))/((-9)/9). Suppose m*s - 4*d = -18, 4*d - 6 = -3*s - 0*d. List the prime factors of ((-1)/s)/(6/288).
2, 3
Suppose -4*z = -20, 0*u - u - 2*z = -76. Let c = -29 + u. List the prime factors of c.
37
Let s(z) = -28*z - 16. Let u be s(-11). Let a = u - 198. List the prime factors of a.
2, 47
Let m(c) = 97 - 3*c - 74 - 8*c. What are the prime factors of m(-7)?
2, 5
Suppose -5*s + 6 + 0 = 2*m, 5*s + 3*m = 9. Let h be (-3 - s) + -1 - 285. List the prime factors of h/(-7) + (-4)/14.
41
Let r(l) = -l - 2. Let u be r(-5). Suppose 0 = v - u*c + 8, 4*v + 3*c + 77 = -0*c. Let x(f) = -f**3 - 18*f**2 - 18*f + 23. What are the prime factors of x(v)?
2, 5
Let s = 7 + -8. What are the prime factors of (220/6)/5 - s/(-3)?
7
Let d(i) = 2*i**2 + 54*i + 11. What are the prime factors of d(-30)?
191
Let j = -247 + 469. List the prime factors of j.
2, 3, 37
What are the prime factors of 2/2*(0/(-3) - -193)?
193
Let k(y) = -3 + 19 + 10*y - y**3 - 19*y - 11*y**2. List the prime factors of k(-10).
2, 3
Let z(p) = -p**3 + 2*p + 4. Let o be z(0). List the prime factors of -12*o/(-6) + 3.
11
What are the prime factors of (-876)/(-10) - 8/(-20)?
2, 11
Let u be (-22)/77 - (-345)/7. List the prime factors of ((-1)/1)/(-4 + 189/u).
7
Let d(a) = a**3 - 33*a**2 - 16*a - 230. What are the prime factors of d(35)?
2, 5, 83
Suppose 5*y - 318 = -f, 7*y - 12*y = 3*f - 974. List the prime factors of f.
2, 41
List the prime factors of 47*(30 + -32 + 4/1).
2, 47
List the prime factors of (-1613)/(-3) + ((-88)/8)/(-33).
2, 269
Let u(i) = -i**3 - 4*i**2 - 3*i + 8. Let d be 3 + (-2 - (2 + 5)). What are the prime factors of u(d)?
2, 7
Let a(h) = h**2 - 12*h + 15. Let r be a(11). Suppose -168 + 632 = r*z. What are the prime factors of z?
2, 29
Suppose 4*x = 6*x - 8. Suppose 4*d + x = 5*d. Suppose d*v = 3*v + 12. What are the prime factors of v?
2, 3
Suppose -3493 = -4*q - 441. List the prime factors of q.
7, 109
Let l(z) = 2*z + 3. Let g be l(-4). Let i = 8 + g. List the prime factors of 18 + (-2 - -2 - i).
3, 5
Suppose -312*i + 5655 = -297*i. List the prime factors of i.
13, 29
Suppose 62*p = 63*p - 100. Let c = p - 86. List the prime factors of c.
2, 7
Let o = 85 + 317. List the prime factors of o.
2, 3, 67
Let n be 3/(((-63)/(-6))/(-7)). Let d be (-4)/(n + -2) - -3. Suppose -3*s = -2*v - 14 + 41, -5*s - 59 = -d*v. List the prime factors of v.
3, 7
Let j(o) = -447*o - 43. List the prime factors of j(-2).
23, 37
List the prime factors of 26/52*(-1)/((-1)/752).
2, 47
Let t(v) = -2*v + 14. Let i(a) = a - 1. Let k(n) = 2*i(n) - t(n). Let l be k(5). Let y(u) = 4*u**2 - 3*u - 1. List the prime factors of y(l).
3, 17
Let l(u) = 11*u**3 - u**2 - 7*u - 17. Let w(g) = 6*g**3 - g**2 - 4*g - 9. Let j(b) = -3*l(b) + 5*w(b). List the prime factors of j(-3).
2, 3, 11
Let r be 0 - ((-1 - 2) + -3). Suppose 0 = -2*i - 8, r = l - 0*i - i. What are the prime factors of 12 - (1 - l)*1?
13
Suppose 5*b + 68 = -12*b. List the prime factors of b/(-7) - (-276)/7.
2, 5
Let z = 22 + -20. Suppose -2*c - 2*p + 130 + 90 = 0, -226 = -z*c + 4*p. Let m = c - 75. List the prime factors of m.
2, 3
Let k be 9/6*12/9. What are the prime factors of -2*(-4 - (-5)/k)?
3
Suppose -5*q + 2*g = -2, 0 = -0*g - g + 4. Suppose -50 = q*i - 3*i. What are the prime factors of i?
2, 5
Let v be (3/(-2) - 2)*-2. Let f = 37 + v. What are th